q*n = 5*n + 270. Does 18 divide n?
True
Let z be (0/1 + 3 + 1)/2. Suppose -z*s - 41 = -111. Is s a multiple of 24?
False
Let l = 4 + -1. Suppose a - l*a + 84 = 0. Is 20 a factor of a - (-3 - (-20)/4)?
True
Suppose -14*l + 19*l - 40 = 0. Suppose 41 - l = -o. Is 9 a factor of (o - 1 - -3)*-1?
False
Suppose 5 - 17 = -4*f. Suppose -5*z + 3*z - 8 = 0, f*z + 42 = 5*d. Suppose -2*o - 4*g + 80 + d = 0, 0 = -5*g + 25. Is 11 a factor of o?
True
Let m(w) = 125*w - 600. Is m(22) a multiple of 18?
False
Suppose 0 = -3*o + 6*o - 12. Suppose 3*d - 16 = -o. Suppose -h - 610 = -5*j + 4*h, -3*j + d*h + 368 = 0. Is 30 a factor of j?
True
Let v(y) be the first derivative of 5*y**3/3 - 19*y**2/2 + 7*y - 11. Does 44 divide v(7)?
False
Suppose 4*f - 3*c = 202 + 464, 5*f = 5*c + 835. Is 11 a factor of f?
True
Let s(k) = -k**2 + 4*k + 2. Let a be s(4). Suppose 0 = 4*t, -5*f - 25 = a*t - 75. Let h = f + -4. Is h a multiple of 2?
True
Let h = 18 - -2. Suppose 0 = 5*u - 5 - h. Suppose 0 = u*k - 3*g - 84 - 84, -3*k - g + 98 = 0. Is 16 a factor of k?
False
Does 50 divide 225*((-30)/90 - (-14)/15)?
False
Let k(s) = -s**2 - 5*s + 42. Does 2 divide k(-8)?
True
Let z(k) be the second derivative of -5*k**3/2 - 9*k**2/2 - 13*k. Let r be z(8). Let t = 211 + r. Does 31 divide t?
False
Let b be 1/(2 + -37*1/19). Let t = 29 - b. Does 5 divide t?
True
Let y(o) = o**3 - o**2 + 6. Let q be y(0). Suppose 0 = -q*d + 323 - 23. Is d a multiple of 10?
True
Let j be (-124)/4 + (-1)/((-1)/(-3)). Let r(v) = -14*v**3 - 2*v + 1. Let d be r(1). Let o = d - j. Does 7 divide o?
False
Let k be -5*3/10*-24. Suppose u = 5*f - 63, -u - k = -2*f + 3*u. Suppose -2*r + i = -35, -r - 4*i + 1 = -f. Does 17 divide r?
True
Suppose 3404 = 2*p + 2*v, -5*v = -3*p - 291 + 5381. Is 68 a factor of p?
True
Let z(r) = 3*r**2 + 14*r - 1. Let f be z(-5). Suppose 4*p = 0, -5*d - f*p + 313 = -197. Does 6 divide d?
True
Let b be (-114)/(-5) - (-6)/15*-2. Is 11 a factor of (b/(-6))/((-8)/48)?
True
Let j = -1584 - -2988. Is 52 a factor of j?
True
Let u = -1 - -6. Let n(f) be the third derivative of f**6/120 - f**5/10 + 7*f**4/24 + f**3/3 + f**2 + 6*f. Is 3 a factor of n(u)?
True
Suppose -2 + 0 = -d. Suppose d*o + 0*p + 120 = p, 3*p = 3*o + 186. Let c = o + 82. Is 6 a factor of c?
True
Let u(z) = -z + 9. Let q be u(-5). Suppose 0 = q*k - 4*k - 1610. Is 10 a factor of k?
False
Let v(k) = -26*k**2 - 1. Let j be v(1). Let t = j + 66. Let s = t - -9. Is s a multiple of 24?
True
Let r(a) = 32*a + 61. Does 17 divide r(5)?
True
Does 15 divide (-198 + 3)*(-8)/10 - 2?
False
Suppose -22*y - 1323 = -3*u - 19*y, 3*y - 3 = 0. Is 13 a factor of u?
True
Let q(h) = 4*h - 32. Let y be q(-8). Is 1 - y - ((-7)/7 + 1) a multiple of 5?
True
Suppose 4*l + 4 - 16 = 0. Suppose 3*b = 3 + l. Let v = b + 10. Is v a multiple of 6?
True
Suppose 2*k = -4*w - 0*k + 484, 2*k = 4*w - 492. Let o = w - -2. Is 31 a factor of o?
True
Suppose 14*y + 17 = -11. Is (1408/28 - y/(-7)) + 2 a multiple of 10?
False
Suppose -s + 227 = 5*t - 3*t, 4*t = -3*s + 687. Is 40 a factor of s?
False
Let s be (-258)/(-7) - 9/(-63). Let u = s - 31. Is 3 a factor of u?
True
Suppose -2*p + 4*k = 134, 5*k - 184 + 47 = 2*p. Let w = 121 + p. Is w a multiple of 16?
False
Let f = 67 + -66. Suppose -i + 27 = -f. Is i a multiple of 14?
True
Is 7 a factor of -3*(740/(-15) + -5)?
False
Suppose 8*a = 4*a + 1460. Suppose -a = -p - 2*x - 7, 5*p - 1745 = -x. Suppose -5*r + p - 99 = -3*t, r - 2*t = 47. Is 17 a factor of r?
True
Let j(v) = -4*v**3 - 4*v**2 - 3*v - 4. Let y(n) = 17*n**3 + 17*n**2 + 13*n + 17. Let p(z) = -9*j(z) - 2*y(z). Let c be p(-2). Does 20 divide c - -35 - (-3 - 0)?
False
Let d(n) = -9*n + 39. Let h be d(4). Let k be (-75)/(-6) - 2/4. Suppose 2*w + k = h*w. Is w a multiple of 5?
False
Let y(w) = -16*w + 10. Let d(q) = -q + 1. Let n(o) = -12*d(o) + y(o). Suppose l = 4*r + 32, 2*r - 4*l + 9*l + 38 = 0. Is 10 a factor of n(r)?
False
Let m(c) = 2*c - 4. Let z be m(-18). Is ((-45)/12)/5*z a multiple of 16?
False
Let x(g) = 2*g**2 + 18*g - 1. Suppose 2*m - 45 = 5*i - 0*m, -5*i - 40 = -3*m. Is x(i) a multiple of 8?
False
Suppose 2*l = -2 + 10, 4*v - 2*l - 28 = 0. Let h(u) = u - 15. Let b be h(v). Let x(d) = 4*d**2 + 14*d + 3. Does 17 divide x(b)?
False
Let t be (1/(-1))/(1/(-2)). Let r be t/8 - (-10)/(-8). Is (2 + (-4 - r))*-70 a multiple of 10?
True
Let g(u) = -u**2 + 17*u - 7. Suppose 4*v - 5*s - 47 = 0, -86 = -5*v + 5*s - 26. Let j be (4 + -2)*v/2. Is g(j) a multiple of 15?
True
Let z(f) = 3 - 10*f**2 - 6 + 30 - f**3 + 11*f. Is z(-12) a multiple of 13?
False
Let u be (-1)/(46/(-60) - 3/(-5)). Suppose -152 = -2*a + i, u*a - 398 = a - 2*i. Is a a multiple of 28?
False
Suppose 0*q + 4*q - 16 = 0. Is 11 a factor of (8 + 0)*q/(-16)*-22?
True
Suppose -4*c - 34*p = -31*p - 6080, -5*c + 3*p + 7600 = 0. Is c a multiple of 38?
True
Let y(r) = 5*r - 4. Let v be y(1). Is 5 a factor of (-30)/(-12)*(v + 3)?
True
Let y(f) = 30*f - 2. Let t = -38 + 42. Is y(t) a multiple of 25?
False
Let h(o) = -595*o. Let q be h(-2). Does 17 divide (q/21)/(4/6)?
True
Suppose -3*r + 8*f - 51 = 10*f, -5*f = 0. Suppose 142 = 5*j - 98. Let g = j + r. Does 31 divide g?
True
Let a(s) = s**3 + 10*s**2 + 7*s - 15. Let i be a(-9). Let o be 20/4 + -3*1. Suppose 4*p + 58 = j, j + i*p = -o*j + 159. Is 18 a factor of j?
True
Let p(x) = -3*x + 2. Let q(m) = 4*m - 3. Let c(l) = -7*p(l) - 5*q(l). Is 2 a factor of c(4)?
False
Let d = 33 - 33. Does 15 divide (d + 0 + 45)/(0 - -1)?
True
Suppose 0 = 3*v + 2 - 8. Let t(i) = -v - 4*i + 6*i + 81*i**2 - 4*i. Is t(-1) a multiple of 27?
True
Let o(c) = -c**2 - 4*c + 5. Let u be o(-4). Let k(n) = 2*n**2 + 14*n - 14. Let v be k(-8). Suppose v*a + u*q = a + 15, 2*q = 5*a - 102. Is 7 a factor of a?
False
Let u = 31 + 297. Is u a multiple of 8?
True
Let v = -175 + 223. Does 8 divide v?
True
Let w = -928 + 2546. Does 63 divide w?
False
Suppose 116*d = 114*d + 10. Suppose -160 = -5*b - 0*x + x, 160 = 5*b - d*x. Is 32 a factor of b?
True
Let t be (12/8)/(3/4). Suppose 5*o + 5*s + 60 = 0, t*s = -2*o + 3*s - 30. Is (-454)/(-10) - o/(-35) a multiple of 12?
False
Let d(m) = -3*m**2 + 2*m + 19. Let w(j) = j**2 + j - 1. Let g(h) = d(h) + 4*w(h). Is g(-10) a multiple of 12?
False
Let s = -5 - -7. Let k be s - (-5 + -1) - -2. Suppose 5*v = -k, -x + 3*v + 79 = 27. Is 12 a factor of x?
False
Suppose 2 = 3*q - q, -3*r = -q - 14. Suppose -u + 4*m = -129, -r*u + 4*u + 123 = -m. Is 7 a factor of u?
False
Let t(h) be the first derivative of h**4 + 2*h**3/3 + h**2 + 3*h + 33. Is t(2) a multiple of 27?
False
Suppose -2941 + 8011 = 10*i. Does 5 divide i?
False
Let p(f) = 94*f - 108. Is p(12) a multiple of 101?
False
Suppose -2064 = 43*u - 51*u. Does 6 divide u?
True
Let s = 47 + -24. Let z = -20 + s. Suppose -z*u + 8*u + 3*c - 35 = 0, -3*u - c = -17. Is 2 a factor of u?
True
Suppose 7*f = 3*f. Suppose -3*s = 2*n - 52, f = n + 2*n + 12. Is 10 a factor of s?
True
Suppose -2*s + 36 = 4*s. Suppose 4*r - s = 50. Does 4 divide r?
False
Let k = 50 - 140. Let y = 234 + k. Is 18 a factor of y?
True
Suppose 2*p - 3*p = -5*y + 1955, 0 = -4*y - 5*p + 1593. Is y a multiple of 16?
False
Suppose -3*y - 905 = -i - 0*i, 2*i = 5*y + 1508. Let k = y + 426. Is k a multiple of 19?
False
Let v(g) = g**2 - 6*g + 5. Let o be v(7). Suppose 3*h - 2*h = 4*q - o, -5*h + 2*q = 60. Let l = 29 + h. Is l a multiple of 8?
False
Let k(l) be the second derivative of 13*l**4/12 - l**2/2 - 2*l. Is k(-1) a multiple of 4?
True
Let v(a) = -a + 4. Let x(i) = -i**2 + 2*i + 5. Let h be x(5). Let t be v(h). Let l = t - 12. Does 2 divide l?
True
Is (6/(-9))/((-36416)/(-6072) - 6) a multiple of 6?
False
Let o(z) = 2*z**2 + 8*z + 4. Let m be o(-4). Suppose -g - 300 = -5*j, -j + m*g = 5*g - 60. Is j a multiple of 12?
True
Let f = -22 + 23. Is (f - -2)/((-6)/(-270)) a multiple of 27?
True
Let v(y) = -833*y - 413. Is 42 a factor of v(-7)?
True
Let c(w) = -6*w**3 - 5*w**2 + 10*w + 191. Is c(-10) a multiple of 42?
False
Suppose -3*j - 5 - 10 = 0. Let b(w) = -20*w - 4. Is b(j) a multiple of 24?
True
Suppose 2*h = 5*k - 2042, 4*k = -h + 2*h + 1633. Does 29 divide k?
False
Suppose 0 = 10*k - 9*k - 120. Is 12 a factor of k?
True
Let y be (2 - (-15)/10)*36/2. Suppose -h + y = -80. Does 15 divide h?
False
Let g = 159 - 92. Let p = g + -15. Does 13 divide p?
True
Sup